f m**3/3 - 5*m**2/2 + 3*m + 2. Let z be n(k). What is p(z)?
6
Let g(w) = 1 + 5*w**2 + w**2 - 3*w**2. Give g(1).
4
Let d(p) = p**2 - 8*p - 6. Let t(l) = l**3 - 3*l**2 - 3*l + 5. Let h be t(4). Determine d(h).
3
Let r(l) = l - 4. Let i be (-966)/(-126) - ((-5)/(-3) + -1). Calculate r(i).
3
Suppose -5*o = -2*s + 15, 6*s - 4*o = 2*s. Let c(i) = -i - 3. Let p(m) = -1. Let j(x) = c(x) - p(x). Give j(s).
3
Let h be (-5 - (-1 - 1))/(-1). Let n(l) = -1 + 5 - l - h. Suppose -5*d - 1 = -2*m, 3*m = 5*m + 3*d + 7. Determine n(m).
3
Let t(f) be the second derivative of 7*f**3/6 - f**2 - 10*f. Give t(2).
12
Let f = 2 + -2. Let x(k) = -k**3 + k**2 + 19. Determine x(f).
19
Let v(f) = -6*f**3 - 41*f**2 + 19*f - 41. Let b(u) = -u**3 - 8*u**2 + 4*u - 8. Let j = -3 - -1. Let c(x) = j*v(x) + 11*b(x). Let p = 45 + -40. Calculate c(p).
-1
Let c(y) = y**3 - 5*y**2 + 2*y + 1. Let d be 6/4*(-32)/(-24). Give c(d).
-7
Let c(t) be the third derivative of t**5/30 - t**4/12 - t**3/3 + 3*t**2. Let d be c(2). Let u(f) = -f**2 + 3*f - 3. Determine u(d).
-1
Let b(n) = -n**2 - 4*n + 1. Let k(j) = j + 0*j**2 - 3*j + 9 + 10*j - j**2. Let o be k(9). Let s be -2 + o + -3 + 2. Give b(s).
4
Let a be 12/8*2/3. Let x(k) be the first derivative of 2/3*k**3 + k + 1/2*k**4 - k**2 + 1. Calculate x(a).
3
Let d(q) = -7*q - 3*q**3 - 5*q**3 + 7*q**3 + 2 + 2*q**3 + 3*q**2. Calculate d(-5).
-13
Let k(h) be the third derivative of h**4/12 + 18*h**2. What is k(4)?
8
Suppose 4 = 5*w - 6. Suppose -w*b - 17 = -3*p, -2*b - 6 = -p + 1. Let k(q) be the first derivative of -4*q**2 - q + 9. Calculate k(b).
7
Suppose -18 = -7*f - 4. Let r(g) be the second derivative of -g**4/3 + g**3/2 - 3*g**2/2 + g. Calculate r(f).
-13
Let b(f) = f**3 + 4*f**2 + 3*f + 1. Let i(r) = r + 6. Let q be i(-9). Give b(q).
1
Let w(q) = 6*q**2 + q + 1. Let c = -8 - -10. Suppose 5*l + m = 10, -8 = -4*l + 3*m - m. Suppose -4*t - c = l. What is w(t)?
6
Let u(o) be the first derivative of o**4/4 + o**3 + 3*o**2/2 + 2*o + 16. Give u(-3).
-7
Let q(g) be the first derivative of -g**2/2 + 5*g - 7. What is q(4)?
1
Suppose o = -2*o. Let w(d) = -d**2 - d + 1. Determine w(o).
1
Let h = 0 - 0. Let w(f) = -6*f**3 + 4*f**2 - 5*f - 2. Let y(r) = -r**3 + r**2 - r + 1. Let v = -14 + 9. Let d(s) = v*y(s) + w(s). Determine d(h).
-7
Let z(l) = -7*l**3 + 5*l**2 - 5*l + 3. Let d(r) = 3*r**3 - 3*r**2 + 3*r - 1. Let a(c) = 5*d(c) + 2*z(c). Suppose -4*m + 8 = -2*m. Calculate a(m).
5
Let z(w) = -w - w**2 - 5*w - 3 + 0*w. Suppose -5*h - 33 = -3*p - 147, 42 = 2*h - 3*p. Suppose -f + 5*y - 10 = -26, f + 5*y + h = 0. Determine z(f).
5
Let i(t) = 3*t**2 - 2*t**2 - 4*t + 5*t + 1 - 6*t**2 - 3*t**2. Let m = -6 + 10. Suppose -m = 5*z + 1. Determine i(z).
-8
Let p(z) = -3*z - 1. Let a(c) = -c**2 + 2*c**2 + 4 - 4*c**2 + 2*c**2. Let m(t) = -t - 1. Let g be m(-1). Let v be a(g). Determine p(v).
-13
Let a(y) = -25*y - 3 - 3 + 24*y. Determine a(-5).
-1
Let k(h) be the second derivative of h**5/60 - h**4/12 + h**2/2 - h. Let l(b) be the first derivative of k(b). Determine l(2).
0
Let u(d) = -9*d**2 - 12*d + 9. Let s(p) = -4*p**2 - 6*p + 4. Let v(b) = -7*s(b) + 3*u(b). Calculate v(-4).
-9
Let z(l) = l**3 + 7*l**2 + l + 6. Let q be (-3)/2 + (-6)/(-4). Suppose q = 2*i - 4 + 18. Give z(i).
-1
Let r(d) be the second derivative of 2*d + 1/6*d**3 + 3/2*d**2 + 0. What is r(5)?
8
Let u(d) = 12*d - 1. Let y = -6 - -7. Let x(o) = o. Let r be x(y). Calculate u(r).
11
Let n be 12/108 + 53/9. Let s(u) = u**2 - 8*u + 8. Give s(n).
-4
Let y(r) = -9*r + 9. Let x(c) = -4*c + 4. Let g(z) = 14*x(z) - 6*y(z). What is g(3)?
-4
Let s(m) = -4*m. Let k(n) = -n - 8. Let y be k(-6). What is s(y)?
8
Let z = 5 + -3. Let c(t) = 0*t**3 + 2*t + 2*t**3 - z*t**2 + t**3 - 4*t**3 + 1. Calculate c(2).
-11
Let v(l) = -2*l + 2*l**3 - 4*l**2 - l**3 - 3*l - 4. Suppose -h = 5*t - 105, 4*t - 50 = -5*h + 34. Let m = t - 16. Calculate v(m).
-4
Let o = -38 + 33. Let q(t) = -t**2 + t. Let r(v) = 4*v**2 + v + 5. Let k(s) = 3*q(s) + r(s). Give k(o).
10
Let n(x) = 2*x + 1 + 0*x - 4*x - 5. Let w = 3 + -9. Calculate n(w).
8
Let w(k) = k**3 - 3*k**2 + 3*k + 4. Let g be (-51)/(-15) - (-2)/(-5). What is w(g)?
13
Suppose j - 2 - 1 = 0. Suppose 2*u = -4*o + 12, j*o - 5*u = 32 + 3. Let g(p) = p - 7. Give g(o).
-2
Let n(q) = q**2 - 4*q - 2. Let z be n(5). Let g(p) = 4*p**2 - 6*p + 7*p - 7*p + 4 - z*p**2. Give g(5).
-1
Let j be (2 - 8)*3/(-6). Suppose -j*z - 1 = u + 3, 4 = -2*u - 4*z. Let n(v) = 3 - v - u*v**3 - 5 + 4*v**3. Calculate n(2).
12
Let b(g) = -g**3 + g**2 - 3*g + 3. Suppose 0 = 5*r - 18 + 3. Determine b(r).
-24
Let m be (-2 - 0)*(-1 + 0). Let w(x) be the first derivative of -x**4/4 + 2*x**3/3 + 3*x**2/2 - x + 10. Determine w(m).
5
Suppose 3*y - 4*q - 5 = 0, 3*q = 3*y - y - 4. Let a(n) = -4*n - 4. Let r(d) = -3*d - 5. Let j(w) = 6*a(w) - 5*r(w). Give j(y).
10
Suppose 5*t - 5*s = -1 + 6, -t - 3*s + 17 = 0. Let b be t*(16/(-10))/(-4). Let x(u) = -3*u**2 + 2*u - 3. Give x(b).
-11
Let f(y) be the third derivative of y**5/60 + 5*y**4/12 + 5*y**3/3 + 8*y**2 - 5. What is f(-8)?
-6
Let y(m) = -m**2 + 7*m - 3. Let z be y(6). Let l(c) = -c**3 + 4*c**2 - 4*c. Let d be l(z). Let v be (2/3)/(1/d). Let o(x) = -2*x**3 - 3*x**2 - x. Give o(v).
6
Let x be (-3*(-56)/12)/(2 + -4). Let h(f) = f**3 + 6*f**2 - 8*f + 10. Determine h(x).
17
Let x(q) = q - 1. Let u be (-3)/3*5*-1. Let m(n) be the first derivative of 3*n**2/2 + 6*n - 1. Let s(i) = u*x(i) + m(i). Calculate s(-1).
-7
Let q = -8 - -14. Let o(b) = -4*b**2 + 1 + 59*b + 3*b**2 - 53*b. Give o(q).
1
Let m(h) = -3*h - 1. Suppose g - 3 = -0*g. Suppose 3*u + 3*r + 0*r = -6, 4*r + 20 = 2*u. Suppose g*l + u = 2*l. Give m(l).
5
Let w = 0 - 0. Let l = w - 1. Let h(y) = 6*y - 5. Let z(c) = 6*c - 6. Let g(n) = 7*h(n) - 6*z(n). Give g(l).
-5
Let s(z) = -7*z**2 - 11*z - 1. Let d(t) = 10*t**2 + 17*t + 2. Let n(o) = -5*d(o) - 7*s(o). What is n(-7)?
4
Let k(w) = -w**3 - 3*w**2. Let m(y) = -y**2 - 8*y - 8. Let x be m(-6). Suppose t + 15 = -x*t. Calculate k(t).
0
Let w be (3 - 0) + (-10)/(-10). Let c(d) = -d**2 + w - 7*d + d - d + 6*d. Let a = -10 + 7. Determine c(a).
-2
Let v be 18/(-3) - (1 + -3). Let b(m) = -2*m - 3. Give b(v).
5
Let x(n) = -5*n**2 - n**2 - n**3 + 3*n - 9*n. Determine x(-4).
-8
Suppose l - 4 = -l. Let n(b) = 1 + l*b - b + 0 + 0. Give n(5).
6
Suppose 0 = -h - i + 1, 3*h + 5*i + 2 = 3. Let r(m) = 0 - 1 + 3*m**h + 0 - m + 0*m**3 - m**3. What is r(3)?
-4
Let a be (2 - 0) + 2 - (-14 + 17). Let b(h) = -22 + 8 + 6*h + 16*h**2 + 4*h**2. Let z(g) = -7*g**2 - 2*g + 5. Let s(o) = 4*b(o) + 11*z(o). What is s(a)?
4
Let o(y) be the third derivative of -y**4/8 - y**3 - 4*y**2. What is o(-4)?
6
Let j(m) = -120*m**2 + 248*m**2 - 12 - 129*m**2 - 12*m. What is j(-8)?
20
Let v(f) = -f**3 + 4*f**2 - 3*f. Suppose 5*i + 1 = -19. Suppose 2*w - 3*w + 2 = c, 5*w = 3*c - 22. Let q be (-1 + w)/(i + 3). Determine v(q).
0
Let a(l) = -2*l + 7*l - 4 - 4*l - 1. Suppose 29 = 5*u + 4. Determine a(u).
0
Let o(y) be the first derivative of -y**4/4 + y**3/3 - y**2/2 + y + 3. Let w be o(2). Let b(d) = d**2 + 3*d - 7. What is b(w)?
3
Let s(k) = 2*k**3 + 2*k**2 + 11*k + 3. Let n(b) = b**3 + b**2 + 4*b + 1. Let g(y) = -8*n(y) + 3*s(y). Determine g(2).
-21
Let b(p) = -p**3 - 11*p**2 - p - 14. Let k be b(-11). Let m(u) be the second derivative of -u**4/12 - u**3 + u**2/2 + u. Give m(k).
10
Suppose -2*f = -5*f + 5*v - 25, -3*f = 5*v - 25. Suppose 5*x = -0*x - 5*m - 15, 3*m = -9. Suppose x = 4*i + 5*q, -2*q + f*q = i. Let w(g) = g + 3. Give w(i).
3
Let q = -12 + 16. Let n(f) = f - 9 - q + 4. Calculate n(0).
-9
Let m(g) be the second derivative of -g**3/2 - 2*g**2 - 5*g. What is m(-3)?
5
Let s(d) = d**2 + 7*d + 4. Suppose i = 5*t - i + 29, t - 2 = 3*i. What is s(t)?
4
Suppose -53 = -4*n - 5*k, -2*n + 5*k = k + 6. Let g(z) = -z**2 + 7*z + 4. Let t be g(n). Let i(o) = 3*o - 4. Give i(t).
8
Let r(a) = 4*a - 3*a + a + 2. Suppose -3*b = b + 8. What is r(b)?
-2
Let d be (13/12)/13 - 2/(-8). Let b(h) be the first derivative of -2 + d*h**3 + 0*h**2 + 0*h. What is b(-2)?
4
Let u(d) = d**3 + 4*d**2 + 4*d + 3. Let h be ((-12)/(-10))/(21/140). Let g be h/12*(1 + -4). What is u(g)?
3
Suppose 3*f + f - 20 = 0. Let h(k) = k**3 - 4*k**2 - 7*k + 6. Calculate h(f).
-4
Let t = 17 - 15. Let a(c) = -2*c**3 + 3*c**2 - 4*c + 3. Give a(t).
-9
Let z(c